 when 101 is divided by z.
23
Let r(h) = 3*h**2 + 2*h + 3. Let j be 0/((8 + -2)/(-3)). Suppose -3*m + 4 - 10 = j. Calculate the remainder when 42 is divided by r(m).
9
Let a = 1 - 3. Let j be (-52)/(-20) + a/(-5). Suppose -45 = -j*t - 2*t. What is the remainder when 26 is divided by t?
8
Suppose -5*u + 6 = -44. Suppose 4*k - 406 + 142 = 0. Suppose 4*r + 2*c = k, -r + c + 24 = -0*r. Calculate the remainder when r is divided by u.
9
Let h(y) = y**3 - 8 + 5*y + 11*y**2 + 0*y**3 + 1 - 2*y**2. What is the remainder when h(-7) is divided by 19?
18
Let a(v) = 7*v + 7. Let y be 3/((-9)/(-6))*1. Suppose -y*q = 2*q - 76. What is the remainder when a(7) is divided by q?
18
Let m = 4 - 7. Let z(j) = j**2 - 3*j + 2. Calculate the remainder when z(m) is divided by 11.
9
Let q(c) = -3*c + 4. Let p(w) = -2*w + 2. Let z(m) = -5*p(m) + 3*q(m). Calculate the remainder when 19 is divided by z(5).
5
Let p be 70/(1 - 0 - 0). Suppose -4*n + p = n. Calculate the remainder when 54 is divided by n.
12
Suppose -29 = -6*i + 1. What is the remainder when 5 is divided by i?
0
Suppose 2*a - 4 = 0, 0 = 4*q + 3*a - 2*a - 26. Calculate the remainder when 7 is divided by q.
1
Let y(d) = d**2 - 2*d + 4. Let z be (-2)/(-4)*(0 - -6). Calculate the remainder when y(z) is divided by 3.
1
Suppose 4*v = 4*r + 168, -3*v + 117 + 9 = -r. What is the remainder when v is divided by 11?
9
Let k = 35 + -16. What is the remainder when 75 is divided by k?
18
Suppose 80 = 4*q + 5*v - 85, -5*v = q - 30. What is the remainder when q is divided by 12?
9
Let f(p) = -6*p - 12. Let o(i) = 8*i + 1. Calculate the remainder when o(4) is divided by f(-4).
9
Let q = 1 + 26. What is the remainder when q is divided by 11?
5
Suppose 3*p - 2*t - 44 = -4*t, -4*p - 5*t + 68 = 0. Suppose 3*c = p, 0*z + 128 = 3*z + 2*c. What is the remainder when z is divided by 14?
12
Suppose -32 + 5 = -a. What is the remainder when a is divided by 10?
7
Suppose -3*l + 5 = 2. Suppose l = -4*u + 21. What is the remainder when 13 is divided by u?
3
Suppose 4*b - 4*p - 59 = b, -b + p + 19 = 0. What is the remainder when 83 is divided by b?
15
Suppose 3*y = x - 20, -y - 4*y + x = 36. Let s = y + 24. What is the remainder when 77 is divided by s?
13
Let h = -13 + 8. Let t be (h/3)/((-5)/15). Suppose -5*u = -y - 49, 0 = 4*u + t*y - 17 + 1. What is the remainder when u is divided by 5?
4
Let u(g) = -g**3 + 10*g**2 + 11*g + 24. What is the remainder when 94 is divided by u(11)?
22
Suppose 0 = -2*s + 4*c + 80, 2 = -2*c + 8. Calculate the remainder when s is divided by 8.
6
Suppose -18 + 4 = 2*n + 4*r, r + 5 = n. Let t be (-5 + n)*(1 - 3). Let y = t - 3. Calculate the remainder when y is divided by 3.
2
Calculate the remainder when 254 is divided by (-1)/((-99)/96 + 1).
30
Suppose 2*g - 28 = -w, -7*g + 5*w + 55 = -4*g. Calculate the remainder when 51 is divided by g.
6
Suppose -4 = -n - n. Let u(z) = -2*z - 21. What is the remainder when u(-12) is divided by n?
1
Let p(w) = -w**3 + 7*w**2 - 6*w + 3. Suppose 3*g - 20 = u, -4*g + u - 5 = 6*u. Calculate the remainder when 8/20 - (-18)/g is divided by p(6).
1
Let j = 11 + 18. Let p(t) = 8*t + 8. Let z be p(8). Calculate the remainder when j is divided by (-16)/z + 184/18.
9
Let x = -90 - -112. Calculate the remainder when 64 is divided by x.
20
Let b = -61 + 81. Let j(u) = -u**3 - u + 11. Let y = -1 - -1. Calculate the remainder when b is divided by j(y).
9
Suppose -4*y + 23 = -25. Calculate the remainder when 22 is divided by y.
10
Let x(j) = j**2 - 5*j + 2. Let v be x(4). Let l = 30 + -22. Calculate the remainder when l is divided by ((-1)/v)/(1/6).
2
Let j(q) = 2*q**2 + 14*q + 1. What is the remainder when j(-10) is divided by 7?
5
Let i(f) = -3*f + 3. What is the remainder when i(-6) is divided by 12?
9
Let c(q) = -q - 4. Suppose 5 = -k - 1. Calculate the remainder when 4 is divided by c(k).
0
Let o be 1/2 - (-155)/(-10). Let m be (5 - 0)*24/o. Let c = 10 + m. What is the remainder when 2 is divided by c?
0
Let s(k) = 18*k - 6. What is the remainder when s(2) is divided by 17?
13
Suppose -2*m = m - 9. Calculate the remainder when 6 is divided by m.
0
Suppose 2*c = 64 - 18. What is the remainder when 86 is divided by c?
17
Suppose 2*m = -5*o - 3*m + 80, -o = -m - 14. What is the remainder when o is divided by 6?
3
Let a(l) = l**3 + 7*l**2 - 2*l - 2. Calculate the remainder when 59 is divided by a(-7).
11
Let s(g) = g**3 + 4*g**2 - 4*g + 6. Let q be s(-5). Suppose -h + 8 = q. Let a = 3 + h. Calculate the remainder when 19 is divided by a.
9
Let g(d) = 2*d**2 + 7*d + 7. Calculate the remainder when 64 is divided by g(-5).
20
Let d(i) be the third derivative of -i**4/4 + i**3/6 + 3*i**2. Calculate the remainder when d(-2) is divided by 7.
6
Let t(z) = z**2 - z - 7. Let s be t(3). Let b(r) = -8*r**3 + r**2 + r. Calculate the remainder when 14 is divided by b(s).
6
Let b = 37 - 16. Suppose -3*x + b = -6. What is the remainder when 24 is divided by x?
6
Let g(i) = 4*i**3 - i**2. Calculate the remainder when 11 is divided by g(1).
2
Suppose -t - 1 = b, -3*t = 5*b - 2*t - 15. Suppose 11 = 5*h - b. Calculate the remainder when h is divided by 1.
0
What is the remainder when 78 is divided by ((-48)/9)/((-4)/12)?
14
Suppose 11 + 14 = 5*s. Suppose 11 - 50 = 3*l + 3*r, l + s*r + 33 = 0. Calculate the remainder when 10 is divided by (l/(-6))/((-2)/(-9)).
4
What is the remainder when (-36456)/(-216) + -1 + 11/9 is divided by 43?
40
Suppose -g + 2*g = 102. Calculate the remainder when g is divided by 26.
24
Let r(u) = 3*u + 7. Let k be r(5). Suppose -2*f = -2*v + k, -4*f + 51 = 4*v - f. Suppose -39 = -2*a + 5. Calculate the remainder when a is divided by v.
10
Let l(u) = -8 + 16*u**2 + 8. Let q be l(-2). Suppose -2*b + 0*b - 4*w + q = 0, -5*b + 2*w + 148 = 0. What is the remainder when b is divided by 16?
14
Let l(y) = 2*y**3 - 6*y**2 + 4*y - 5. What is the remainder when l(4) is divided by 11?
10
Suppose 4*g - g = 0. Let s = 5 + g. What is the remainder when 9 is divided by s?
4
Let w = 16 + -13. Suppose -3*d + 45 = 3*o, 5*d - d + o - 51 = 0. What is the remainder when d is divided by w?
0
Let s = 43 - 15. Suppose 6 = -3*u + 21, 0 = 3*i + 2*u - s. Calculate the remainder when 22 is divided by i.
4
Let m(l) = -l**2 - 2*l + 44. What is the remainder when m(0) is divided by 15?
14
Let g = 1 - 0. Let h = 5 + g. What is the remainder when 17 is divided by 33/5 - h/10?
5
Suppose -q + 3 - 1 = 0, -4*c - 5*q + 98 = 0. Calculate the remainder when c is divided by 6.
4
Let r(c) be the second derivative of 13*c**4/12 + c**2/2 - 8*c. What is the remainder when r(-1) is divided by 4?
2
Let i(y) = y**2 - 6*y - 1. Calculate the remainder when 49 is divided by i(9).
23
Let x = -14 - -9. Let p = x - -19. Let i(f) = f**2 - 4*f - 7. Calculate the remainder when p is divided by i(6).
4
Let m(c) = 2*c + 4. Let h be m(-3). Calculate the remainder when 21 is divided by (-10 + 9)/(h/24).
9
Suppose u - 4*o = 2 - 0, -3*o - 13 = 5*u. Suppose -4*x = -4*b - 56, -2*b = 2*x - 0*b - 40. Calculate the remainder when x is divided by 0 - (7 - u)/(-1).
8
Let w = -24 + 29. Suppose 0 = -4*c + w*f + 32 + 82, -5*c + 136 = -3*f. Calculate the remainder when c is divided by 14.
12
Let c = 3 + 0. Suppose -c*y - y + 100 = 0. Calculate the remainder when y is divided by (4/2)/(12/54).
7
What is the remainder when (2/4)/((-3)/(-474)) is divided by 16?
15
Let d = -33 + 79. Suppose 0*u + 48 = 4*u. Calculate the remainder when d is divided by u.
10
Let i = 44 + 13. Calculate the remainder when i is divided by 10.
7
Calculate the remainder when 107 is divided by (-51)/(-2) + 9/6.
26
Suppose -l + 3*l - 130 = -3*j, 0 = -5*l + 3*j + 346. What is the remainder when l is divided by 10?
8
Suppose 3*i - 3*w = -66, -56 = 2*i - 0*w + 4*w. Let s = i + 47. Calculate the remainder when 43 is divided by s.
20
Suppose 0 = -4*o + 5*m - 0*m + 10, -o = 3*m + 6. Suppose x - 5 + 3 = o. What is the remainder when 5 is divided by x?
1
Let d(q) = -8*q - 18. What is the remainder when d(-8) is divided by 12?
10
Suppose 5*k - 18 = -4*h + 47, k - 13 = 3*h. What is the remainder when 62 is divided by k?
10
Let k(f) be the third derivative of f**4/2 - 2*f**3/3 - 6*f**2. Calculate the remainder when 79 is divided by k(2).
19
Suppose -3 = f - 5*a - 0, -f - 5*a + 17 = 0. What is